0 - (1 - 2))/((-4)/(-204))?
3, 17
Let o(d) = -4*d + 1. Let t be o(-3). Let v = t - 9. Suppose 5*y - 9 = v*y. What are the prime factors of y?
3
Let i(k) = 14*k**2 + 38*k + 14. Let l(d) = 5*d**2 + 13*d + 5. Let f(y) = 6*i(y) - 17*l(y). What are the prime factors of f(5)?
3
Let w(o) = -o**3 - 5*o**2 - 6*o - 3. Suppose -62 = -5*k - 2. Suppose 0 = -4*n + n + k, -3*n + 8 = u. What are the prime factors of w(u)?
5
Suppose 3*w + 9 + 0 = -2*x, 0 = 2*x - w + 5. List the prime factors of -1*(-19 - (x + 0)).
2
Let i(x) = 11*x**2 - 3*x - 2. Suppose -2*b - 1 = 3. List the prime factors of i(b).
2, 3
Suppose s - 3*s + 6 = 0. Let n(x) = 5*x**3 - 5*x**2. Let m(k) = -6*k**3 + 5*k**2 + k. Let v(b) = -4*m(b) - 5*n(b). What are the prime factors of v(s)?
2, 3
Let y = 4 + -5. Let l = y + -11. Let o = 20 + l. What are the prime factors of o?
2
Suppose -r - 21 = -3*b, -2*b + 6*r + 27 = r. List the prime factors of b.
2, 3
Let n = -36 + 22. Let l = n - -8. What are the prime factors of (4/l)/((-4)/42)?
7
Let l be -1 - (0/(-2) - -1). What are the prime factors of 15*(l + 3)/3?
5
Suppose 2*h - 7*h = -120. Suppose -y = -0*y + h. Let m = 36 + y. What are the prime factors of m?
2, 3
Let k = 3 + 2. What are the prime factors of ((-4)/k)/((-1)/30)?
2, 3
Let m be 8/2*(-7)/(-4). Suppose -4*w + 5*b - 3 = 0, w = 3*b - m + 1. Suppose -w*i + 10 = -i. List the prime factors of i.
5
Suppose -3*n + z + 29 = 2, -23 = -n + 5*z. Let c = -1 + n. What are the prime factors of c?
7
List the prime factors of (4/20)/((-5)/(-4075)).
163
List the prime factors of 8/(64/(-12)) - (-369)/2.
3, 61
Let i(l) = -l**3 - l**2 + l + 5. Let z be i(0). Suppose 0 = -0*x - z*x + 150. List the prime factors of x.
2, 3, 5
Let l = 15 - -5. List the prime factors of l.
2, 5
What are the prime factors of 2*-2 - (-21 - 31)?
2, 3
Suppose 2*m = 4*m + 36. Let u = m + 30. List the prime factors of u.
2, 3
What are the prime factors of 10/15 - 98/(-6)?
17
Let o be 1/(-2) - (-22)/4. Suppose -9 - o = -2*n. List the prime factors of n.
7
Let u(m) = -m**3 - 8*m**2 - 7*m + 3. Let b be u(-7). Suppose -5*y - 4*v - v + 105 = 0, -b*y + 53 = v. What are the prime factors of y?
2
Let p(i) = i**2 + 3*i. Let w be p(-4). Suppose k + 5 = -2*r + 1, -4*r - w = 3*k. List the prime factors of (k/(-6))/((-2)/33).
11
Let f = 4 + 11. What are the prime factors of 3/(-15) - (-183)/f?
2, 3
Let d(a) = -2*a + 3. Let r be d(-11). Let n = -12 + r. List the prime factors of n.
13
Suppose s + 161 = 5*o, o + 5*s + 79 = 4*o. List the prime factors of o.
3, 11
Let s = 416 + -61. What are the prime factors of s?
5, 71
Suppose -3*o = -5*w + 29, 0*w + 4*o - 8 = -5*w. List the prime factors of ((-6)/w)/(4/(-40)).
3, 5
Let h be (0/2)/2 - -2. Suppose -h*d + 2 = -12. What are the prime factors of d?
7
Let q(x) = x + x**3 + 8 - 1 - 7*x**2 + 0. Let l be q(6). Let r = l + 34. What are the prime factors of r?
11
Let q be (-38)/(-6) + 2/3. Let f = -2 + q. What are the prime factors of f?
5
Let s be 2 - 3 - -6 - 1. Suppose -3 = 4*m + 4*u - 7, 5*u = s*m - 40. What are the prime factors of m?
5
Suppose -3*p + 21 = 3*d, d - 4*p + 1 = 33. Suppose -7*h - d = -3*h. List the prime factors of 63/5 + h/5.
2, 3
Let j be 9/6 + 1/2. Let f(n) = 5*n + 1. List the prime factors of f(j).
11
Let u be (8/(-6))/(4/(-12)). Suppose -8 - 12 = -u*k. Suppose k + 3 = 2*o. List the prime factors of o.
2
Let d(f) = -6*f - 1. List the prime factors of d(-2).
11
Suppose -3*s + f = 5, -3*s + 2*f + f - 9 = 0. What are the prime factors of s + 3 - (1 + -1)?
2
List the prime factors of (117/52)/(6/80).
2, 3, 5
Let u(z) = z**3 + 3*z**2 + 2*z + 3. Let o be u(-2). Suppose -o*k - 4 = -10. What are the prime factors of 118/10 + k/10?
2, 3
Suppose -z - 5*a = -0 + 6, 5*z = -a + 18. Suppose -m - 1 = d, 2*d + 12 = -z*m - 0. List the prime factors of d.
2
Suppose v - 2*v + 22 = 0. Suppose 2 + v = f. What are the prime factors of f?
2, 3
Let r(z) = -z + 2. Let o be r(8). Let h = o + 13. List the prime factors of h.
7
Let v(y) = -2*y - 5. Let d = -32 - -46. Let p = 9 - d. What are the prime factors of v(p)?
5
Let r(f) = -f**3 + 4*f**2 + 4*f. Let u be r(4). Suppose -3*l = -4*l + u. List the prime factors of l.
2
Let j = -989 + 543. Let n be 2/8 + j/(-8). Suppose 0 = -5*k + k + n. List the prime factors of k.
2, 7
Suppose -3*k + k = 18. Let p = k - -40. Suppose 0 = -5*j + p + 29. What are the prime factors of j?
2, 3
Let q(b) = 55*b. What are the prime factors of q(4)?
2, 5, 11
Suppose -655 = -4*m + y, -3*m + 4*y = -4*m + 151. What are the prime factors of m?
163
Suppose 123 = -2*o - 167. Suppose 3*b - 3*r + 13 = -5*r, 4*r = 2*b + 14. What are the prime factors of (-1)/b - o/25?
2, 3
Suppose q - 2 = 0, 2*u + 4*q + 0 = 8. Let p be (-8)/16*u/1. Suppose p = 3*r - 7*r + 28. List the prime factors of r.
7
Let r = 4 - 4. Let c(z) be the first derivative of -z**3/3 + z**2/2 + 11*z - 1. What are the prime factors of c(r)?
11
Let x be ((-28)/10)/(1/(-15)). Suppose 3*i + 0*i = x. What are the prime factors of i?
2, 7
Let h = 13 + -13. Suppose -p + 5 + 4 = h. List the prime factors of p.
3
Let t(p) = 3*p**2 - 7*p - 2. Let g be t(-6). Suppose g = 4*r - 3*j, -4*j = -2*r - 22 + 96. List the prime factors of r.
37
Let m(k) = -k + 3. Let d be m(0). Let w(z) = -4*z - 33. Let o be w(-10). Suppose -d*g - o = -4*g. List the prime factors of g.
7
Let q = 0 - -2. Suppose -11 = -0*z - z - q*y, 3*y = -z + 8. List the prime factors of z.
17
Suppose 5*y = 6*q - 2*q - 17, -2*q + 1 = 5*y. Let i = y + 5. Suppose 5*b = -3*o + 69, -4 = -b - i*o + 20. List the prime factors of b.
2, 3
Let p be (-3*1)/((-7)/(-21)). List the prime factors of ((-42)/p*3)/1.
2, 7
Let i(l) = -11*l + 3. Let k be i(-4). Suppose 4*o = 5*t - k, -5*t - o = -0*o - 57. What are the prime factors of t?
11
Let j = 2 + -1. Let k(c) = c**3 + 10*c**2 - c - 5. Let h be k(-10). Suppose j = 3*d - h*b - 4, -4*d + 14 = -3*b. List the prime factors of d.
5
Let q = -127 - -194. Let k = q - 44. What are the prime factors of k?
23
Let u(f) = f**2 - 3*f - 2. Let q be u(-2). Suppose 5*h + 53 = q. List the prime factors of (-2)/(-3) - 66/h.
2
Let r be 15/(-2)*(-14)/21. Suppose -2*b - 54 = -r*b. Suppose -4*w + b = -18. What are the prime factors of w?
3
Let p(n) = -n**2 + 7*n. Let b be (-9)/(-2) - (-1)/2. What are the prime factors of p(b)?
2, 5
Suppose -7*f + 54 = -4*f. Let b be (12/f)/((-2)/(-57)). Suppose -x + 1 = -b. What are the prime factors of x?
2, 5
Let y = 143 - 98. List the prime factors of y.
3, 5
Let p(l) = 44*l. Let s be p(3). Suppose -t + 6*t = m - 33, 4*m - s = -2*t. Let f = -18 + m. List the prime factors of f.
3, 5
Suppose 0*r + 50 = 5*r. Let h = 18 - r. List the prime factors of h.
2
Let y = 0 - 6. Let r be 3*((-110)/y - 0). Suppose 0*n + r = 5*n. What are the prime factors of n?
11
Let t = 4 - -2. Suppose -p + t = p. Suppose 2*b = -o + 2*o - 4, 3*o = p*b + 12. List the prime factors of o.
2
Let k = 2 - -1. Suppose -3*p + 9 = -k*a, 7*p - 4*p = -2*a + 19. Suppose -a*o = -3*o + 5. What are the prime factors of o?
5
Let r = -99 + 114. Let y = -1 - -1. Suppose -3*z = -y*z - r. What are the prime factors of z?
5
Let p(d) = d**3 - 7*d**2 + 8*d - 7. Let z be p(6). Suppose 0 + 20 = z*s. Suppose -s*y = -y - 9. What are the prime factors of y?
3
Let m(s) = 5*s**3 + s**2 - 1. Let d(p) = -p**3 + 8*p**2 + 1. Let l be d(8). Suppose -x + 0 = -l. List the prime factors of m(x).
5
Suppose 0 = 3*h - 2*k - 16, -k = h - 2*h + 6. Suppose -4*v - h*i + 56 = 0, 4*v - 5*i - 7 = 2*v. List the prime factors of v.
11
Let a(j) = j - 5. Let z be a(8). What are the prime factors of (8/6 + z)*3?
13
Let i(r) = -3*r + 4. Suppose m + 4*k = 5*k, 3*k - 5 = 4*m. Let j be i(m). Suppose 3*d = -5*p + 29, -j = -d - 4*d - p. List the prime factors of d.
3
Suppose -2 = -l - 5. Let r = l + 6. List the prime factors of r.
3
Suppose 4*r = 59 + 21. Suppose 4*z + r = -2*d, -4*z - 3*d - 6 = -2*z. List the prime factors of -10*1*3/z.
5
Suppose 2*i - 7*i + 55 = 2*z, i - 11 = 4*z. Let t(w) = -w + 11. Let b be t(i). Let s = 2 - b. What are the prime factors of s?
2
Suppose -12 + 0 = -2*l. Suppose 3*k - 4*r - 62 = -l*r, 49 = k - 5*r. What are the prime factors of k?
2, 3
Suppose 2*z = 6*z - 120. Suppose 10 + z = 4*o. Suppose 0 = -5*s + 4*l + 44 + o, 4*l = -s + 6. List the prime factors of s.
2, 5
Suppose -3*q = -24